= -4*i + 3*i - 4*c. Let a be i/14 + 69/(-21). What is the remainder when (-5)/1 - a - -29 is divided by 14?
13
Let a = -10 - -20. Calculate the remainder when 1*((-3125)/(-95) - ((-8)/(-19))/(-4)) is divided by a.
3
Let l(c) = -c + 14. Let o be l(-13). Suppose -4*f + 25 = -o. What is the remainder when f is divided by 5?
3
What is the remainder when 7 - (1 - (5 + 396/4)) is divided by 28?
26
What is the remainder when 98 is divided by 3 - (-22)/(-8) - (-278)/8?
28
Suppose 42*d = 545 + 757. What is the remainder when 77 is divided by d?
15
Suppose -i = -5*y + 80, -i - 2 = -7. What is the remainder when y is divided by 25/(-3)*24/(-20)?
7
Suppose -b = -2*a - 1 - 2, -11 = -2*b - a. Suppose 2*v = -3*f + 59, -2*v + 101 = b*f + 2*v. What is the remainder when 31 is divided by f?
14
Let b = -17 + 28. Let r = 21 + -16. Suppose 0 = -4*u - 4, -2*u = r*d - 3*d - 60. Calculate the remainder when d is divided by b.
9
Let w(z) = z**2 + 5*z + 46. Suppose c - 16 = -3*s, 2*c + 4*s + 37 = 3*c. Calculate the remainder when w(0) is divided by c.
21
Let y(g) = -3*g**2 - g**2 + 5 + 2*g - g**2 - 9*g**3 + 2*g**2. Calculate the remainder when y(-2) is divided by 31.
30
Let n(j) = -16*j - 96. Calculate the remainder when 128 is divided by n(-7).
0
Let l(u) = -6*u + 3. Suppose -3*k = -17 + 2. Suppose 42 = 3*t + k*b - b, -6 = -t - 4*b. Calculate the remainder when l(-5) is divided by t.
15
Let c = -65 - -145. Suppose 0*j = 4*j + 2*p - 106, 0 = 4*j + 3*p - 105. Calculate the remainder when c is divided by j.
26
Suppose -54*v = -1706 - 11200. What is the remainder when v is divided by 40?
39
Let h(n) = -31*n - 7. Let t be h(-7). Suppose -5*l - t = -10*l. Let u(i) = 3*i + 6. What is the remainder when l is divided by u(3)?
12
What is the remainder when (-2 + 4 - 2) + 103 is divided by (-6)/(-9)*-39*-1?
25
Suppose 2*i - 48 = 4*m, 0 = 3*i + 3*m - 29 - 34. Calculate the remainder when i is divided by 13.
9
Suppose -5*i + 0*n = -2*n - 594, 237 = 2*i - n. Calculate the remainder when i is divided by 48.
24
Suppose -220 = -25*h + 330. Calculate the remainder when 305 is divided by h.
19
Let c = -77 + -39. Let m = c + 48. Let r = m + 107. What is the remainder when r is divided by 10?
9
Suppose 0 = -27*u + 34*u - 364. What is the remainder when 882 is divided by u?
50
Let q(i) = 55*i - 451. Calculate the remainder when q(23) is divided by 19.
16
Suppose 0 = 3*x - 6*x + c + 213, 60 = x - 4*c. Suppose -t + 39 = -z, 3*z = 2*t - z - x. What is the remainder when 124 is divided by t?
40
Suppose -3*g + 354 = -9. Calculate the remainder when g is divided by 38.
7
Let n(p) = -82*p + 518. Calculate the remainder when n(6) is divided by 1/(-4) + 29/4.
5
Suppose -120*z - 468 = -159*z. What is the remainder when 54 is divided by z?
6
Let v(f) = 3*f + 12. Let w be v(5). Let p = 85 - w. Let u = p + -38. What is the remainder when u is divided by 7?
6
Let g = -63 + 63. Suppose g = 7*b - 90 - 1. Calculate the remainder when 64 is divided by b.
12
Let i be (3/(-9))/(1/(-6)). Suppose 3*t - 398 + 68 = -2*s, 3*s = i*t + 508. Suppose 0 = f + 2*f - s. What is the remainder when f is divided by 19?
18
Suppose 56*x - 42 = 53*x. Suppose y = -y + 8. Suppose -y*p + 95 = -3*p. Calculate the remainder when p is divided by x.
11
Suppose -k = -5*c + c - 55, -4*c + 134 = 2*k. Suppose -5*l = 3*p - 41, -3*p - 3*l = 2*p - k. What is the remainder when (-999)/(-21) + 24/(-42) is divided by p?
11
Suppose 7*w - 95 = 59. Calculate the remainder when 305 is divided by w.
19
Suppose -k + 3*c = -25, -131 = 2*c - 127. Calculate the remainder when 116 is divided by k.
2
Let g(m) = -m**3 + 12*m**2 - 15*m + 7. Let l(j) = j**3 + 7*j**2 - 5*j - 17. Let d be l(-8). Let u = -31 - d. What is the remainder when g(u) is divided by 20?
17
Suppose -144*g + 60 = -134*g. Calculate the remainder when 29 is divided by g.
5
Let k(s) = 2*s - 4. Let m = -19 - -23. Suppose 23 = m*y - 29. What is the remainder when y is divided by k(4)?
1
Let w = 0 + -11. Let x(h) = -4*h - 35. What is the remainder when 13 is divided by x(w)?
4
Let b(f) = 11*f**2 - 3. Let r(m) = -m**3 + m**2 - m - 1. Let l(g) = b(g) - r(g). What is the remainder when l(-5) is divided by (3465/(-308))/(6/(-16))?
28
Let q be ((-10)/(-4))/((-11)/(-308)). Suppose 0 = -6*i + 178 - q. Calculate the remainder when 85 is divided by i.
13
Let a be 4017/27 + (-18)/(-81). Suppose t = 5*i - a - 11, 0 = -i + t + 28. Calculate the remainder when 162 is divided by i.
30
Let v be 1764/22 + (-184)/44 + 4. Suppose -3*x = -7*x + v. Suppose 47 = -3*s + 218. Calculate the remainder when s is divided by x.
17
Let t(m) = m + 7. Let j(d) = -d**3 + d**2 - 3*d + 3. Let y be j(0). Let z = 29 - 0. What is the remainder when z is divided by t(y)?
9
Let f(g) = 3*g + 35. What is the remainder when f(40) is divided by 41?
32
Suppose 3*j = -2*x - 10, -3*j - 5*x = j + 18. What is the remainder when 70 is divided by (-2)/j - 69/(-3)?
22
Suppose -23*k - 56 = -p - 25*k, 5*p - 220 = 5*k. Suppose 3*u - 3*y = 717, u - 2*y = 173 + 67. Calculate the remainder when u is divided by p.
46
Suppose 7*n - 2*n = 50. Let l = 57 - 30. Calculate the remainder when l is divided by n.
7
Let y = 309 + -211. Calculate the remainder when y is divided by 22.
10
Let p = 22 - 13. Suppose 0 = 4*f - p*f + 30. Calculate the remainder when 10 is divided by f.
4
Suppose -3*l + 47 = 2*s - 20, -l = 4*s - 109. What is the remainder when 153 is divided by s?
23
Suppose 0 = 10*j - 11*j + 494. What is the remainder when j is divided by 33?
32
Suppose 0 = -4*c + 3*c - 134. Calculate the remainder when (-2)/3 + c/(-3) is divided by 15.
14
Let c = 78 + -33. Calculate the remainder when c is divided by 40.
5
Suppose -5*p - 23 = -68. Let g = 34 + -48. Calculate the remainder when (-346)/g + 132/21 + -6 is divided by p.
7
Suppose 0 = -2*o + 3*a + 977, 5*o + a - 3313 = -845. Calculate the remainder when o is divided by 33.
31
Let v(a) = -a**2 + 12*a - 12. Let f(z) = z**3 - z**2 - 4*z + 4. Let b be f(3). What is the remainder when v(b) is divided by 3?
2
Suppose 0 = -8*b + 148 + 2508. Calculate the remainder when 2/(-4) - b/(-8) is divided by 14.
13
Let l(k) = -k**3 + 13*k**2 + 6*k - 30. Calculate the remainder when l(13) is divided by 26.
22
Let c(d) = -d**3 + 12*d**2 + d + 31. Calculate the remainder when c(12) is divided by 14.
1
Suppose -1 = -4*c + 3*c. What is the remainder when (128 - (0 + 1))/c is divided by 228/7 - 184/322?
31
Suppose -17 = -6*q + 4693. Calculate the remainder when q is divided by 130.
5
Suppose -4*a = -128 + 40. What is the remainder when a is divided by 14?
8
Let g(w) = -13*w - 28. Calculate the remainder when 69*((1 - -1) + -1) is divided by g(-4).
21
Let y(z) = z**3 + 26*z**2 - 28*z - 7. Let g be 1*1/(-6)*-9*-18. What is the remainder when 75 is divided by y(g)?
15
Suppose -3*k + 17 = 8. Suppose k*o = 253 + 11. What is the remainder when o is divided by 13?
10
What is the remainder when 174/(-2)*(-161)/69 is divided by 104?
99
Let f(v) = -9*v + 2. Let b be 15/6 + (-24)/16. Let s be f(b). Let r = 33 + s. What is the remainder when 102 is divided by r?
24
Let t = -20 + 20. Suppose 2*n - 3*n + 111 = t. What is the remainder when n is divided by 28?
27
Let o = 98 + -52. Suppose -6*j + 2*i = -4*j - 280, j = -2*i + 128. Calculate the remainder when j is divided by o.
44
What is the remainder when 1 - (3 + -234 - 2) is divided by 47?
46
Let b(k) = -15*k + 229. Calculate the remainder when 151 is divided by b(12).
4
Suppose 5*g = 2*g + 6. Suppose g*l - 14 = 10. Suppose 0*n - 6*n + l = 0. Calculate the remainder when 5 is divided by n.
1
Suppose -1 = -5*v + 4*u + 68, 71 = 3*v + 5*u. Calculate the remainder when v is divided by (-1 - 38/(-14))*14/4.
5
Let b = 335 - 200. Let v = -116 + b. What is the remainder when 74 is divided by v?
17
Suppose 0 = -14*w + 9*w + 35. Suppose -4*i - 2*u + 3*u = -14, i + 4 = 4*u. What is the remainder when w is divided by i?
3
Let w = -24 + 49. Let s = w + -5. Calculate the remainder when s is divided by 6.
2
Suppose 0 = 2*a + 3*m - 86, 26*a - 27*a + 43 = -m. Calculate the remainder when 169 is divided by a.
40
Suppose 102 = -n + 136. Calculate the remainder when 181 is divided by n.
11
Suppose -4*i + 6*i + 2 = 0. What is the remainder when i/((-1359)/339 + 4) is divided by 19?
18
Let y(g) = 3*g + 4.